{"id":32,"date":"2019-12-10T17:19:39","date_gmt":"2019-12-10T17:19:39","guid":{"rendered":"http:\/\/www.jarvisuomenkylat.fi\/?page_id=32"},"modified":"2021-04-14T10:45:07","modified_gmt":"2021-04-14T10:45:07","slug":"jarjestoneuvottelukunta","status":"publish","type":"page","link":"https:\/\/www.jarvisuomenkylat.fi\/index.php\/haussa-nyt\/jarjestoneuvottelukunta\/","title":{"rendered":"J\u00e4rjest\u00f6neuvottelukunta"},"content":{"rendered":"\n<p>Etel\u00e4-Savon maakuntahallitus hyv\u00e4ksyi 18.2.2019 maakunnallisen j\u00e4rjest\u00f6neuvottelukunnan perustamisen ja toiminnan keskeiset periaatteet. <\/p>\n\n\n\n<h3 class=\"wp-block-heading\"><strong>J\u00e4rjest\u00f6neuvottelukunnan teht\u00e4v\u00e4t<\/strong><\/h3>\n\n\n\n<ul class=\"wp-block-list\"><li>yll\u00e4pit\u00e4\u00e4 aktiivista ja vaikuttavaa vuoropuhelua maakunnassa j\u00e4rjest\u00f6jen aseman vahvistamiseksi&nbsp;<\/li><li>vaikuttaa siihen, ett\u00e4 kunnat ja j\u00e4rjest\u00f6t sek\u00e4 maakunta toimivat yhteisty\u00f6ss\u00e4 hyvinvoinnin ja terveyden edist\u00e4miseksi&nbsp;<\/li><li>edist\u00e4\u00e4 kansalaisten, yhdistysten ja j\u00e4rjest\u00f6jen osallisuus- ja osallistumismahdollisuuksien toteutumista<\/li><li>vaikuttaa siihen, ett\u00e4 j\u00e4rjest\u00f6ill\u00e4 on halutessaan mahdollisuus tuottaa hyvinvointipalveluja<\/li><li>antaa lausuntoja ja suosituksia j\u00e4rjest\u00f6yhteisty\u00f6n edist\u00e4miseksi sek\u00e4 tekee aloitteita<\/li><li>tuottaa ja v\u00e4litt\u00e4\u00e4 tietoa&nbsp;<\/li><\/ul>\n\n\n\n<p>J\u00e4rjest\u00f6neuvottelukunnan 18 j\u00e4sent\u00e4 ja 18 varaj\u00e4sent\u00e4 edustavat laaja-alaisesti maakunnan yhdistyksi\u00e4 j\u00e4rjest\u00f6tahoittain. Edustajat valitaan julkisen haun kautta.<\/p>\n\n\n\n<p>Etel\u00e4-Savon j\u00e4rjest\u00f6neuvottelukunnan sivuille <a href=\"https:\/\/esavo.fi\/YhES\" target=\"_blank\" rel=\"noreferrer noopener\">t\u00e4st\u00e4 (https:\/\/esavo.fi\/YhEs)<\/a><\/p>\n\n\n\n<p>&#8211; ILMOITAMME, KUN SEURAAVAN KERRAN HAKU J\u00c4RJEST\u00d6NEUVOTTELUKUNTAAN ON AVOINNA &#8211;<\/p>\n\n\n\n<p class=\"has-text-align-center\"><a href=\"http:\/\/www.jarvisuomenkylat.fi\/index.php\/haussa-nyt\/\">&#8211; Takaisin haussa nyt! -sivulle &#8211;<\/a><\/p>\n","protected":false},"excerpt":{"rendered":"<p>Etel\u00e4-Savon maakuntahallitus hyv\u00e4ksyi 18.2.2019 maakunnallisen j\u00e4rjest\u00f6neuvottelukunnan perustamisen ja toiminnan keskeiset periaatteet. J\u00e4rjest\u00f6neuvottelukunnan teht\u00e4v\u00e4t yll\u00e4pit\u00e4\u00e4 aktiivista ja vaikuttavaa vuoropuhelua maakunnassa j\u00e4rjest\u00f6jen aseman vahvistamiseksi&nbsp; vaikuttaa siihen, ett\u00e4 kunnat ja j\u00e4rjest\u00f6t sek\u00e4 maakunta toimivat yhteisty\u00f6ss\u00e4 hyvinvoinnin ja terveyden edist\u00e4miseksi&nbsp; edist\u00e4\u00e4 kansalaisten, yhdistysten ja j\u00e4rjest\u00f6jen osallisuus- ja osallistumismahdollisuuksien toteutumista vaikuttaa siihen, ett\u00e4 j\u00e4rjest\u00f6ill\u00e4 on halutessaan mahdollisuus tuottaa hyvinvointipalveluja antaa [&hellip;]<\/p>\n","protected":false},"author":2,"featured_media":0,"parent":23,"menu_order":0,"comment_status":"closed","ping_status":"closed","template":"","meta":{"footnotes":""},"class_list":["post-32","page","type-page","status-publish","czr-hentry"],"_links":{"self":[{"href":"https:\/\/www.jarvisuomenkylat.fi\/index.php\/wp-json\/wp\/v2\/pages\/32","targetHints":{"allow":["GET"]}}],"collection":[{"href":"https:\/\/www.jarvisuomenkylat.fi\/index.php\/wp-json\/wp\/v2\/pages"}],"about":[{"href":"https:\/\/www.jarvisuomenkylat.fi\/index.php\/wp-json\/wp\/v2\/types\/page"}],"author":[{"embeddable":true,"href":"https:\/\/www.jarvisuomenkylat.fi\/index.php\/wp-json\/wp\/v2\/users\/2"}],"replies":[{"embeddable":true,"href":"https:\/\/www.jarvisuomenkylat.fi\/index.php\/wp-json\/wp\/v2\/comments?post=32"}],"version-history":[{"count":8,"href":"https:\/\/www.jarvisuomenkylat.fi\/index.php\/wp-json\/wp\/v2\/pages\/32\/revisions"}],"predecessor-version":[{"id":428,"href":"https:\/\/www.jarvisuomenkylat.fi\/index.php\/wp-json\/wp\/v2\/pages\/32\/revisions\/428"}],"up":[{"embeddable":true,"href":"https:\/\/www.jarvisuomenkylat.fi\/index.php\/wp-json\/wp\/v2\/pages\/23"}],"wp:attachment":[{"href":"https:\/\/www.jarvisuomenkylat.fi\/index.php\/wp-json\/wp\/v2\/media?parent=32"}],"curies":[{"name":"wp","href":"https:\/\/api.w.org\/{rel}","templated":true}]}}

Järjestöneuvottelukunta

<p>Etelä-Savon maakuntahallitus hyväksyi 18.2.2019 maakunnallisen järjestöneuvottelukunnan perustamisen ja toiminnan keskeiset periaatteet. </p>



<h3 class="wp-block-heading"><strong>Järjestöneuvottelukunnan tehtävät</strong></h3>



<ul class="wp-block-list"><li>ylläpitää aktiivista ja vaikuttavaa vuoropuhelua maakunnassa järjestöjen aseman vahvistamiseksi&nbsp;</li><li>vaikuttaa siihen, että kunnat ja järjestöt sekä maakunta toimivat yhteistyössä hyvinvoinnin ja terveyden edistämiseksi&nbsp;</li><li>edistää kansalaisten, yhdistysten ja järjestöjen osallisuus- ja osallistumismahdollisuuksien toteutumista</li><li>vaikuttaa siihen, että järjestöillä on halutessaan mahdollisuus tuottaa hyvinvointipalveluja</li><li>antaa lausuntoja ja suosituksia järjestöyhteistyön edistämiseksi sekä tekee aloitteita</li><li>tuottaa ja välittää tietoa&nbsp;</li></ul>



<p>Järjestöneuvottelukunnan 18 jäsentä ja 18 varajäsentä edustavat laaja-alaisesti maakunnan yhdistyksiä järjestötahoittain. Edustajat valitaan julkisen haun kautta.</p>



<p>Etelä-Savon järjestöneuvottelukunnan sivuille <a href="https://esavo.fi/YhES" target="_blank" rel="noreferrer noopener">tästä (https://esavo.fi/YhEs)</a></p>



<p>&#8211; ILMOITAMME, KUN SEURAAVAN KERRAN HAKU JÄRJESTÖNEUVOTTELUKUNTAAN ON AVOINNA &#8211;</p>



<p class="has-text-align-center"><a href="http://www.jarvisuomenkylat.fi/index.php/haussa-nyt/">&#8211; Takaisin haussa nyt! -sivulle &#8211;</a></p>

<p>Etelä-Savon maakuntahallitus hyväksyi 18.2.2019 maakunnallisen järjestöneuvottelukunnan perustamisen ja toiminnan keskeiset periaatteet. Järjestöneuvottelukunnan tehtävät ylläpitää aktiivista ja vaikuttavaa vuoropuhelua maakunnassa järjestöjen aseman vahvistamiseksi&nbsp; vaikuttaa siihen, että kunnat ja järjestöt sekä maakunta toimivat yhteistyössä hyvinvoinnin ja terveyden edistämiseksi&nbsp; edistää kansalaisten, yhdistysten ja järjestöjen osallisuus- ja osallistumismahdollisuuksien toteutumista vaikuttaa siihen, että järjestöillä on halutessaan mahdollisuus tuottaa hyvinvointipalveluja antaa [&hellip;]</p>
